{"id":3124,"date":"2022-02-18T16:05:22","date_gmt":"2022-02-18T15:05:22","guid":{"rendered":"https:\/\/nyhemsgarden.se\/?post_type=boende&#038;p=3124"},"modified":"2025-09-09T12:02:38","modified_gmt":"2025-09-09T10:02:38","slug":"gardet-dormitory","status":"publish","type":"boende","link":"https:\/\/nyhemsgarden.se\/en\/accommodation\/gardet-dormitory\/","title":{"rendered":"G\u00e4rdet Dormitory (Logement G\u00e4rdet)"},"content":{"rendered":"","protected":false},"excerpt":{"rendered":"","protected":false},"featured_media":3012,"template":"","meta":{"_acf_changed":false,"_exactmetrics_skip_tracking":false,"_exactmetrics_sitenote_active":false,"_exactmetrics_sitenote_note":"","_exactmetrics_sitenote_category":0,"footnotes":""},"class_list":["post-3124","boende","type-boende","status-publish","has-post-thumbnail","hentry"],"acf":[],"yoast_head":"<!-- This site is optimized with the Yoast SEO plugin v27.5 - https:\/\/yoast.com\/product\/yoast-seo-wordpress\/ -->\n<title>G\u00e4rdet Dormitory (Logement G\u00e4rdet) - Nyhemsg\u00e5rden<\/title>\n<meta name=\"robots\" content=\"index, follow, max-snippet:-1, max-image-preview:large, max-video-preview:-1\" \/>\n<link rel=\"canonical\" href=\"https:\/\/nyhemsgarden.se\/en\/accommodation\/gardet-dormitory\/\" \/>\n<meta property=\"og:locale\" content=\"en_US\" \/>\n<meta property=\"og:type\" content=\"article\" \/>\n<meta property=\"og:title\" content=\"G\u00e4rdet Dormitory (Logement G\u00e4rdet) - Nyhemsg\u00e5rden\" \/>\n<meta property=\"og:url\" content=\"https:\/\/nyhemsgarden.se\/en\/accommodation\/gardet-dormitory\/\" \/>\n<meta property=\"og:site_name\" content=\"Nyhemsg\u00e5rden\" \/>\n<meta property=\"article:modified_time\" content=\"2025-09-09T10:02:38+00:00\" \/>\n<meta property=\"og:image\" content=\"https:\/\/nyhemsgarden.se\/wp-content\/uploads\/2022\/09\/Logoment-Gardet_1-scaled.jpg\" \/>\n\t<meta property=\"og:image:width\" content=\"2560\" \/>\n\t<meta property=\"og:image:height\" content=\"1709\" \/>\n\t<meta property=\"og:image:type\" content=\"image\/jpeg\" \/>\n<meta name=\"twitter:card\" content=\"summary_large_image\" \/>\n<meta name=\"twitter:label1\" content=\"Est. reading time\" \/>\n\t<meta name=\"twitter:data1\" content=\"1 minute\" \/>\n<script type=\"application\/ld+json\" class=\"yoast-schema-graph\">{\"@context\":\"https:\\\/\\\/schema.org\",\"@graph\":[{\"@type\":\"WebPage\",\"@id\":\"https:\\\/\\\/nyhemsgarden.se\\\/en\\\/accommodation\\\/gardet-dormitory\\\/\",\"url\":\"https:\\\/\\\/nyhemsgarden.se\\\/en\\\/accommodation\\\/gardet-dormitory\\\/\",\"name\":\"G\u00e4rdet Dormitory (Logement G\u00e4rdet) - Nyhemsg\u00e5rden\",\"isPartOf\":{\"@id\":\"https:\\\/\\\/nyhemsgarden.se\\\/en\\\/#website\"},\"primaryImageOfPage\":{\"@id\":\"https:\\\/\\\/nyhemsgarden.se\\\/en\\\/accommodation\\\/gardet-dormitory\\\/#primaryimage\"},\"image\":{\"@id\":\"https:\\\/\\\/nyhemsgarden.se\\\/en\\\/accommodation\\\/gardet-dormitory\\\/#primaryimage\"},\"thumbnailUrl\":\"https:\\\/\\\/nyhemsgarden.se\\\/wp-content\\\/uploads\\\/2022\\\/09\\\/Logoment-Gardet_1-scaled.jpg\",\"datePublished\":\"2022-02-18T15:05:22+00:00\",\"dateModified\":\"2025-09-09T10:02:38+00:00\",\"breadcrumb\":{\"@id\":\"https:\\\/\\\/nyhemsgarden.se\\\/en\\\/accommodation\\\/gardet-dormitory\\\/#breadcrumb\"},\"inLanguage\":\"en-US\",\"potentialAction\":[{\"@type\":\"ReadAction\",\"target\":[\"https:\\\/\\\/nyhemsgarden.se\\\/en\\\/accommodation\\\/gardet-dormitory\\\/\"]}]},{\"@type\":\"ImageObject\",\"inLanguage\":\"en-US\",\"@id\":\"https:\\\/\\\/nyhemsgarden.se\\\/en\\\/accommodation\\\/gardet-dormitory\\\/#primaryimage\",\"url\":\"https:\\\/\\\/nyhemsgarden.se\\\/wp-content\\\/uploads\\\/2022\\\/09\\\/Logoment-Gardet_1-scaled.jpg\",\"contentUrl\":\"https:\\\/\\\/nyhemsgarden.se\\\/wp-content\\\/uploads\\\/2022\\\/09\\\/Logoment-Gardet_1-scaled.jpg\",\"width\":2560,\"height\":1709},{\"@type\":\"BreadcrumbList\",\"@id\":\"https:\\\/\\\/nyhemsgarden.se\\\/en\\\/accommodation\\\/gardet-dormitory\\\/#breadcrumb\",\"itemListElement\":[{\"@type\":\"ListItem\",\"position\":1,\"name\":\"Home\",\"item\":\"https:\\\/\\\/nyhemsgarden.se\\\/en\\\/\"},{\"@type\":\"ListItem\",\"position\":2,\"name\":\"G\u00e4rdet Dormitory (Logement G\u00e4rdet)\"}]},{\"@type\":\"WebSite\",\"@id\":\"https:\\\/\\\/nyhemsgarden.se\\\/en\\\/#website\",\"url\":\"https:\\\/\\\/nyhemsgarden.se\\\/en\\\/\",\"name\":\"Nyhemsg\u00e5rden\",\"description\":\"H\u00e4r v\u00e4xer vi tillsammans!\",\"publisher\":{\"@id\":\"https:\\\/\\\/nyhemsgarden.se\\\/en\\\/#organization\"},\"potentialAction\":[{\"@type\":\"SearchAction\",\"target\":{\"@type\":\"EntryPoint\",\"urlTemplate\":\"https:\\\/\\\/nyhemsgarden.se\\\/en\\\/?s={search_term_string}\"},\"query-input\":{\"@type\":\"PropertyValueSpecification\",\"valueRequired\":true,\"valueName\":\"search_term_string\"}}],\"inLanguage\":\"en-US\"},{\"@type\":\"Organization\",\"@id\":\"https:\\\/\\\/nyhemsgarden.se\\\/en\\\/#organization\",\"name\":\"Nyhemsg\u00e5rden\",\"url\":\"https:\\\/\\\/nyhemsgarden.se\\\/en\\\/\",\"logo\":{\"@type\":\"ImageObject\",\"inLanguage\":\"en-US\",\"@id\":\"https:\\\/\\\/nyhemsgarden.se\\\/en\\\/#\\\/schema\\\/logo\\\/image\\\/\",\"url\":\"https:\\\/\\\/nyhemsgarden.se\\\/wp-content\\\/uploads\\\/2019\\\/06\\\/Nyhemsgarden_logo_svart_2x.png\",\"contentUrl\":\"https:\\\/\\\/nyhemsgarden.se\\\/wp-content\\\/uploads\\\/2019\\\/06\\\/Nyhemsgarden_logo_svart_2x.png\",\"width\":188,\"height\":120,\"caption\":\"Nyhemsg\u00e5rden\"},\"image\":{\"@id\":\"https:\\\/\\\/nyhemsgarden.se\\\/en\\\/#\\\/schema\\\/logo\\\/image\\\/\"}}]}<\/script>\n<!-- \/ Yoast SEO plugin. -->","yoast_head_json":{"title":"G\u00e4rdet Dormitory (Logement G\u00e4rdet) - Nyhemsg\u00e5rden","robots":{"index":"index","follow":"follow","max-snippet":"max-snippet:-1","max-image-preview":"max-image-preview:large","max-video-preview":"max-video-preview:-1"},"canonical":"https:\/\/nyhemsgarden.se\/en\/accommodation\/gardet-dormitory\/","og_locale":"en_US","og_type":"article","og_title":"G\u00e4rdet Dormitory (Logement G\u00e4rdet) - Nyhemsg\u00e5rden","og_url":"https:\/\/nyhemsgarden.se\/en\/accommodation\/gardet-dormitory\/","og_site_name":"Nyhemsg\u00e5rden","article_modified_time":"2025-09-09T10:02:38+00:00","og_image":[{"width":2560,"height":1709,"url":"https:\/\/nyhemsgarden.se\/wp-content\/uploads\/2022\/09\/Logoment-Gardet_1-scaled.jpg","type":"image\/jpeg"}],"twitter_card":"summary_large_image","twitter_misc":{"Est. reading time":"1 minute"},"schema":{"@context":"https:\/\/schema.org","@graph":[{"@type":"WebPage","@id":"https:\/\/nyhemsgarden.se\/en\/accommodation\/gardet-dormitory\/","url":"https:\/\/nyhemsgarden.se\/en\/accommodation\/gardet-dormitory\/","name":"G\u00e4rdet Dormitory (Logement G\u00e4rdet) - Nyhemsg\u00e5rden","isPartOf":{"@id":"https:\/\/nyhemsgarden.se\/en\/#website"},"primaryImageOfPage":{"@id":"https:\/\/nyhemsgarden.se\/en\/accommodation\/gardet-dormitory\/#primaryimage"},"image":{"@id":"https:\/\/nyhemsgarden.se\/en\/accommodation\/gardet-dormitory\/#primaryimage"},"thumbnailUrl":"https:\/\/nyhemsgarden.se\/wp-content\/uploads\/2022\/09\/Logoment-Gardet_1-scaled.jpg","datePublished":"2022-02-18T15:05:22+00:00","dateModified":"2025-09-09T10:02:38+00:00","breadcrumb":{"@id":"https:\/\/nyhemsgarden.se\/en\/accommodation\/gardet-dormitory\/#breadcrumb"},"inLanguage":"en-US","potentialAction":[{"@type":"ReadAction","target":["https:\/\/nyhemsgarden.se\/en\/accommodation\/gardet-dormitory\/"]}]},{"@type":"ImageObject","inLanguage":"en-US","@id":"https:\/\/nyhemsgarden.se\/en\/accommodation\/gardet-dormitory\/#primaryimage","url":"https:\/\/nyhemsgarden.se\/wp-content\/uploads\/2022\/09\/Logoment-Gardet_1-scaled.jpg","contentUrl":"https:\/\/nyhemsgarden.se\/wp-content\/uploads\/2022\/09\/Logoment-Gardet_1-scaled.jpg","width":2560,"height":1709},{"@type":"BreadcrumbList","@id":"https:\/\/nyhemsgarden.se\/en\/accommodation\/gardet-dormitory\/#breadcrumb","itemListElement":[{"@type":"ListItem","position":1,"name":"Home","item":"https:\/\/nyhemsgarden.se\/en\/"},{"@type":"ListItem","position":2,"name":"G\u00e4rdet Dormitory (Logement G\u00e4rdet)"}]},{"@type":"WebSite","@id":"https:\/\/nyhemsgarden.se\/en\/#website","url":"https:\/\/nyhemsgarden.se\/en\/","name":"Nyhemsg\u00e5rden","description":"H\u00e4r v\u00e4xer vi tillsammans!","publisher":{"@id":"https:\/\/nyhemsgarden.se\/en\/#organization"},"potentialAction":[{"@type":"SearchAction","target":{"@type":"EntryPoint","urlTemplate":"https:\/\/nyhemsgarden.se\/en\/?s={search_term_string}"},"query-input":{"@type":"PropertyValueSpecification","valueRequired":true,"valueName":"search_term_string"}}],"inLanguage":"en-US"},{"@type":"Organization","@id":"https:\/\/nyhemsgarden.se\/en\/#organization","name":"Nyhemsg\u00e5rden","url":"https:\/\/nyhemsgarden.se\/en\/","logo":{"@type":"ImageObject","inLanguage":"en-US","@id":"https:\/\/nyhemsgarden.se\/en\/#\/schema\/logo\/image\/","url":"https:\/\/nyhemsgarden.se\/wp-content\/uploads\/2019\/06\/Nyhemsgarden_logo_svart_2x.png","contentUrl":"https:\/\/nyhemsgarden.se\/wp-content\/uploads\/2019\/06\/Nyhemsgarden_logo_svart_2x.png","width":188,"height":120,"caption":"Nyhemsg\u00e5rden"},"image":{"@id":"https:\/\/nyhemsgarden.se\/en\/#\/schema\/logo\/image\/"}}]}},"_links":{"self":[{"href":"https:\/\/nyhemsgarden.se\/en\/wp-json\/wp\/v2\/boende\/3124","targetHints":{"allow":["GET"]}}],"collection":[{"href":"https:\/\/nyhemsgarden.se\/en\/wp-json\/wp\/v2\/boende"}],"about":[{"href":"https:\/\/nyhemsgarden.se\/en\/wp-json\/wp\/v2\/types\/boende"}],"version-history":[{"count":2,"href":"https:\/\/nyhemsgarden.se\/en\/wp-json\/wp\/v2\/boende\/3124\/revisions"}],"predecessor-version":[{"id":3145,"href":"https:\/\/nyhemsgarden.se\/en\/wp-json\/wp\/v2\/boende\/3124\/revisions\/3145"}],"wp:featuredmedia":[{"embeddable":true,"href":"https:\/\/nyhemsgarden.se\/en\/wp-json\/wp\/v2\/media\/3012"}],"wp:attachment":[{"href":"https:\/\/nyhemsgarden.se\/en\/wp-json\/wp\/v2\/media?parent=3124"}],"curies":[{"name":"wp","href":"https:\/\/api.w.org\/{rel}","templated":true}]}}

Gärdet Dormitory (Logement Gärdet)

<!-- This site is optimized with the Yoast SEO plugin v27.5 - https://yoast.com/product/yoast-seo-wordpress/ -->
<title>Gärdet Dormitory (Logement Gärdet) - Nyhemsgården</title>
<meta name="robots" content="index, follow, max-snippet:-1, max-image-preview:large, max-video-preview:-1" />
<link rel="canonical" href="https://nyhemsgarden.se/en/accommodation/gardet-dormitory/" />
<meta property="og:locale" content="en_US" />
<meta property="og:type" content="article" />
<meta property="og:title" content="Gärdet Dormitory (Logement Gärdet) - Nyhemsgården" />
<meta property="og:url" content="https://nyhemsgarden.se/en/accommodation/gardet-dormitory/" />
<meta property="og:site_name" content="Nyhemsgården" />
<meta property="article:modified_time" content="2025-09-09T10:02:38+00:00" />
<meta property="og:image" content="https://nyhemsgarden.se/wp-content/uploads/2022/09/Logoment-Gardet_1-scaled.jpg" />
	<meta property="og:image:width" content="2560" />
	<meta property="og:image:height" content="1709" />
	<meta property="og:image:type" content="image/jpeg" />
<meta name="twitter:card" content="summary_large_image" />
<meta name="twitter:label1" content="Est. reading time" />
	<meta name="twitter:data1" content="1 minute" />
<script type="application/ld+json" class="yoast-schema-graph">{"@context":"https:\/\/schema.org","@graph":[{"@type":"WebPage","@id":"https:\/\/nyhemsgarden.se\/en\/accommodation\/gardet-dormitory\/","url":"https:\/\/nyhemsgarden.se\/en\/accommodation\/gardet-dormitory\/","name":"Gärdet Dormitory (Logement Gärdet) - Nyhemsgården","isPartOf":{"@id":"https:\/\/nyhemsgarden.se\/en\/#website"},"primaryImageOfPage":{"@id":"https:\/\/nyhemsgarden.se\/en\/accommodation\/gardet-dormitory\/#primaryimage"},"image":{"@id":"https:\/\/nyhemsgarden.se\/en\/accommodation\/gardet-dormitory\/#primaryimage"},"thumbnailUrl":"https:\/\/nyhemsgarden.se\/wp-content\/uploads\/2022\/09\/Logoment-Gardet_1-scaled.jpg","datePublished":"2022-02-18T15:05:22+00:00","dateModified":"2025-09-09T10:02:38+00:00","breadcrumb":{"@id":"https:\/\/nyhemsgarden.se\/en\/accommodation\/gardet-dormitory\/#breadcrumb"},"inLanguage":"en-US","potentialAction":[{"@type":"ReadAction","target":["https:\/\/nyhemsgarden.se\/en\/accommodation\/gardet-dormitory\/"]}]},{"@type":"ImageObject","inLanguage":"en-US","@id":"https:\/\/nyhemsgarden.se\/en\/accommodation\/gardet-dormitory\/#primaryimage","url":"https:\/\/nyhemsgarden.se\/wp-content\/uploads\/2022\/09\/Logoment-Gardet_1-scaled.jpg","contentUrl":"https:\/\/nyhemsgarden.se\/wp-content\/uploads\/2022\/09\/Logoment-Gardet_1-scaled.jpg","width":2560,"height":1709},{"@type":"BreadcrumbList","@id":"https:\/\/nyhemsgarden.se\/en\/accommodation\/gardet-dormitory\/#breadcrumb","itemListElement":[{"@type":"ListItem","position":1,"name":"Home","item":"https:\/\/nyhemsgarden.se\/en\/"},{"@type":"ListItem","position":2,"name":"Gärdet Dormitory (Logement Gärdet)"}]},{"@type":"WebSite","@id":"https:\/\/nyhemsgarden.se\/en\/#website","url":"https:\/\/nyhemsgarden.se\/en\/","name":"Nyhemsgården","description":"Här växer vi tillsammans!","publisher":{"@id":"https:\/\/nyhemsgarden.se\/en\/#organization"},"potentialAction":[{"@type":"SearchAction","target":{"@type":"EntryPoint","urlTemplate":"https:\/\/nyhemsgarden.se\/en\/?s={search_term_string}"},"query-input":{"@type":"PropertyValueSpecification","valueRequired":true,"valueName":"search_term_string"}}],"inLanguage":"en-US"},{"@type":"Organization","@id":"https:\/\/nyhemsgarden.se\/en\/#organization","name":"Nyhemsgården","url":"https:\/\/nyhemsgarden.se\/en\/","logo":{"@type":"ImageObject","inLanguage":"en-US","@id":"https:\/\/nyhemsgarden.se\/en\/#\/schema\/logo\/image\/","url":"https:\/\/nyhemsgarden.se\/wp-content\/uploads\/2019\/06\/Nyhemsgarden_logo_svart_2x.png","contentUrl":"https:\/\/nyhemsgarden.se\/wp-content\/uploads\/2019\/06\/Nyhemsgarden_logo_svart_2x.png","width":188,"height":120,"caption":"Nyhemsgården"},"image":{"@id":"https:\/\/nyhemsgarden.se\/en\/#\/schema\/logo\/image\/"}}]}</script>
<!-- / Yoast SEO plugin. -->

Gärdet Dormitory (Logement Gärdet) - Nyhemsgården

Nyhemsgården

Här växer vi tillsammans!
