{"id":3126,"date":"2022-02-18T16:05:22","date_gmt":"2022-02-18T15:05:22","guid":{"rendered":"https:\/\/nyhemsgarden.se\/?post_type=boende&#038;p=3126"},"modified":"2025-09-09T12:01:25","modified_gmt":"2025-09-09T10:01:25","slug":"schlafsaal-gaerdet","status":"publish","type":"boende","link":"https:\/\/nyhemsgarden.se\/de\/unterkunft\/schlafsaal-gaerdet\/","title":{"rendered":"Schlafsaal G\u00e4rdet (Logement G\u00e4rdet)"},"content":{"rendered":"","protected":false},"excerpt":{"rendered":"","protected":false},"featured_media":3013,"template":"","meta":{"_acf_changed":false,"_exactmetrics_skip_tracking":false,"_exactmetrics_sitenote_active":false,"_exactmetrics_sitenote_note":"","_exactmetrics_sitenote_category":0,"footnotes":""},"class_list":["post-3126","boende","type-boende","status-publish","has-post-thumbnail","hentry"],"acf":[],"yoast_head":"<!-- This site is optimized with the Yoast SEO plugin v27.5 - https:\/\/yoast.com\/product\/yoast-seo-wordpress\/ -->\n<title>Schlafsaal G\u00e4rdet (Logement G\u00e4rdet) - Nyhemsg\u00e5rden<\/title>\n<meta name=\"robots\" content=\"index, follow, max-snippet:-1, max-image-preview:large, max-video-preview:-1\" \/>\n<link rel=\"canonical\" href=\"https:\/\/nyhemsgarden.se\/de\/unterkunft\/schlafsaal-gaerdet\/\" \/>\n<meta property=\"og:locale\" content=\"de_DE\" \/>\n<meta property=\"og:type\" content=\"article\" \/>\n<meta property=\"og:title\" content=\"Schlafsaal G\u00e4rdet (Logement G\u00e4rdet) - Nyhemsg\u00e5rden\" \/>\n<meta property=\"og:url\" content=\"https:\/\/nyhemsgarden.se\/de\/unterkunft\/schlafsaal-gaerdet\/\" \/>\n<meta property=\"og:site_name\" content=\"Nyhemsg\u00e5rden\" \/>\n<meta property=\"article:modified_time\" content=\"2025-09-09T10:01:25+00:00\" \/>\n<meta property=\"og:image\" content=\"https:\/\/nyhemsgarden.se\/wp-content\/uploads\/2022\/09\/Logoment-Gardet_1-scaled.jpg\" \/>\n\t<meta property=\"og:image:width\" content=\"2560\" \/>\n\t<meta property=\"og:image:height\" content=\"1709\" \/>\n\t<meta property=\"og:image:type\" content=\"image\/jpeg\" \/>\n<meta name=\"twitter:card\" content=\"summary_large_image\" \/>\n<script type=\"application\/ld+json\" class=\"yoast-schema-graph\">{\"@context\":\"https:\\\/\\\/schema.org\",\"@graph\":[{\"@type\":\"WebPage\",\"@id\":\"https:\\\/\\\/nyhemsgarden.se\\\/de\\\/unterkunft\\\/schlafsaal-gaerdet\\\/\",\"url\":\"https:\\\/\\\/nyhemsgarden.se\\\/de\\\/unterkunft\\\/schlafsaal-gaerdet\\\/\",\"name\":\"Schlafsaal G\u00e4rdet (Logement G\u00e4rdet) - Nyhemsg\u00e5rden\",\"isPartOf\":{\"@id\":\"https:\\\/\\\/nyhemsgarden.se\\\/de\\\/#website\"},\"primaryImageOfPage\":{\"@id\":\"https:\\\/\\\/nyhemsgarden.se\\\/de\\\/unterkunft\\\/schlafsaal-gaerdet\\\/#primaryimage\"},\"image\":{\"@id\":\"https:\\\/\\\/nyhemsgarden.se\\\/de\\\/unterkunft\\\/schlafsaal-gaerdet\\\/#primaryimage\"},\"thumbnailUrl\":\"https:\\\/\\\/nyhemsgarden.se\\\/wp-content\\\/uploads\\\/2022\\\/09\\\/Logoment-Gardet_1-scaled.jpg\",\"datePublished\":\"2022-02-18T15:05:22+00:00\",\"dateModified\":\"2025-09-09T10:01:25+00:00\",\"breadcrumb\":{\"@id\":\"https:\\\/\\\/nyhemsgarden.se\\\/de\\\/unterkunft\\\/schlafsaal-gaerdet\\\/#breadcrumb\"},\"inLanguage\":\"de\",\"potentialAction\":[{\"@type\":\"ReadAction\",\"target\":[\"https:\\\/\\\/nyhemsgarden.se\\\/de\\\/unterkunft\\\/schlafsaal-gaerdet\\\/\"]}]},{\"@type\":\"ImageObject\",\"inLanguage\":\"de\",\"@id\":\"https:\\\/\\\/nyhemsgarden.se\\\/de\\\/unterkunft\\\/schlafsaal-gaerdet\\\/#primaryimage\",\"url\":\"https:\\\/\\\/nyhemsgarden.se\\\/wp-content\\\/uploads\\\/2022\\\/09\\\/Logoment-Gardet_1-scaled.jpg\",\"contentUrl\":\"https:\\\/\\\/nyhemsgarden.se\\\/wp-content\\\/uploads\\\/2022\\\/09\\\/Logoment-Gardet_1-scaled.jpg\",\"width\":2560,\"height\":1709},{\"@type\":\"BreadcrumbList\",\"@id\":\"https:\\\/\\\/nyhemsgarden.se\\\/de\\\/unterkunft\\\/schlafsaal-gaerdet\\\/#breadcrumb\",\"itemListElement\":[{\"@type\":\"ListItem\",\"position\":1,\"name\":\"Home\",\"item\":\"https:\\\/\\\/nyhemsgarden.se\\\/de\\\/\"},{\"@type\":\"ListItem\",\"position\":2,\"name\":\"Schlafsaal G\u00e4rdet (Logement G\u00e4rdet)\"}]},{\"@type\":\"WebSite\",\"@id\":\"https:\\\/\\\/nyhemsgarden.se\\\/de\\\/#website\",\"url\":\"https:\\\/\\\/nyhemsgarden.se\\\/de\\\/\",\"name\":\"Nyhemsg\u00e5rden\",\"description\":\"H\u00e4r v\u00e4xer vi tillsammans!\",\"publisher\":{\"@id\":\"https:\\\/\\\/nyhemsgarden.se\\\/de\\\/#organization\"},\"potentialAction\":[{\"@type\":\"SearchAction\",\"target\":{\"@type\":\"EntryPoint\",\"urlTemplate\":\"https:\\\/\\\/nyhemsgarden.se\\\/de\\\/?s={search_term_string}\"},\"query-input\":{\"@type\":\"PropertyValueSpecification\",\"valueRequired\":true,\"valueName\":\"search_term_string\"}}],\"inLanguage\":\"de\"},{\"@type\":\"Organization\",\"@id\":\"https:\\\/\\\/nyhemsgarden.se\\\/de\\\/#organization\",\"name\":\"Nyhemsg\u00e5rden\",\"url\":\"https:\\\/\\\/nyhemsgarden.se\\\/de\\\/\",\"logo\":{\"@type\":\"ImageObject\",\"inLanguage\":\"de\",\"@id\":\"https:\\\/\\\/nyhemsgarden.se\\\/de\\\/#\\\/schema\\\/logo\\\/image\\\/\",\"url\":\"https:\\\/\\\/nyhemsgarden.se\\\/wp-content\\\/uploads\\\/2019\\\/06\\\/Nyhemsgarden_logo_svart_2x.png\",\"contentUrl\":\"https:\\\/\\\/nyhemsgarden.se\\\/wp-content\\\/uploads\\\/2019\\\/06\\\/Nyhemsgarden_logo_svart_2x.png\",\"width\":188,\"height\":120,\"caption\":\"Nyhemsg\u00e5rden\"},\"image\":{\"@id\":\"https:\\\/\\\/nyhemsgarden.se\\\/de\\\/#\\\/schema\\\/logo\\\/image\\\/\"}}]}<\/script>\n<!-- \/ Yoast SEO plugin. -->","yoast_head_json":{"title":"Schlafsaal G\u00e4rdet (Logement G\u00e4rdet) - Nyhemsg\u00e5rden","robots":{"index":"index","follow":"follow","max-snippet":"max-snippet:-1","max-image-preview":"max-image-preview:large","max-video-preview":"max-video-preview:-1"},"canonical":"https:\/\/nyhemsgarden.se\/de\/unterkunft\/schlafsaal-gaerdet\/","og_locale":"de_DE","og_type":"article","og_title":"Schlafsaal G\u00e4rdet (Logement G\u00e4rdet) - Nyhemsg\u00e5rden","og_url":"https:\/\/nyhemsgarden.se\/de\/unterkunft\/schlafsaal-gaerdet\/","og_site_name":"Nyhemsg\u00e5rden","article_modified_time":"2025-09-09T10:01:25+00:00","og_image":[{"width":2560,"height":1709,"url":"https:\/\/nyhemsgarden.se\/wp-content\/uploads\/2022\/09\/Logoment-Gardet_1-scaled.jpg","type":"image\/jpeg"}],"twitter_card":"summary_large_image","schema":{"@context":"https:\/\/schema.org","@graph":[{"@type":"WebPage","@id":"https:\/\/nyhemsgarden.se\/de\/unterkunft\/schlafsaal-gaerdet\/","url":"https:\/\/nyhemsgarden.se\/de\/unterkunft\/schlafsaal-gaerdet\/","name":"Schlafsaal G\u00e4rdet (Logement G\u00e4rdet) - Nyhemsg\u00e5rden","isPartOf":{"@id":"https:\/\/nyhemsgarden.se\/de\/#website"},"primaryImageOfPage":{"@id":"https:\/\/nyhemsgarden.se\/de\/unterkunft\/schlafsaal-gaerdet\/#primaryimage"},"image":{"@id":"https:\/\/nyhemsgarden.se\/de\/unterkunft\/schlafsaal-gaerdet\/#primaryimage"},"thumbnailUrl":"https:\/\/nyhemsgarden.se\/wp-content\/uploads\/2022\/09\/Logoment-Gardet_1-scaled.jpg","datePublished":"2022-02-18T15:05:22+00:00","dateModified":"2025-09-09T10:01:25+00:00","breadcrumb":{"@id":"https:\/\/nyhemsgarden.se\/de\/unterkunft\/schlafsaal-gaerdet\/#breadcrumb"},"inLanguage":"de","potentialAction":[{"@type":"ReadAction","target":["https:\/\/nyhemsgarden.se\/de\/unterkunft\/schlafsaal-gaerdet\/"]}]},{"@type":"ImageObject","inLanguage":"de","@id":"https:\/\/nyhemsgarden.se\/de\/unterkunft\/schlafsaal-gaerdet\/#primaryimage","url":"https:\/\/nyhemsgarden.se\/wp-content\/uploads\/2022\/09\/Logoment-Gardet_1-scaled.jpg","contentUrl":"https:\/\/nyhemsgarden.se\/wp-content\/uploads\/2022\/09\/Logoment-Gardet_1-scaled.jpg","width":2560,"height":1709},{"@type":"BreadcrumbList","@id":"https:\/\/nyhemsgarden.se\/de\/unterkunft\/schlafsaal-gaerdet\/#breadcrumb","itemListElement":[{"@type":"ListItem","position":1,"name":"Home","item":"https:\/\/nyhemsgarden.se\/de\/"},{"@type":"ListItem","position":2,"name":"Schlafsaal G\u00e4rdet (Logement G\u00e4rdet)"}]},{"@type":"WebSite","@id":"https:\/\/nyhemsgarden.se\/de\/#website","url":"https:\/\/nyhemsgarden.se\/de\/","name":"Nyhemsg\u00e5rden","description":"H\u00e4r v\u00e4xer vi tillsammans!","publisher":{"@id":"https:\/\/nyhemsgarden.se\/de\/#organization"},"potentialAction":[{"@type":"SearchAction","target":{"@type":"EntryPoint","urlTemplate":"https:\/\/nyhemsgarden.se\/de\/?s={search_term_string}"},"query-input":{"@type":"PropertyValueSpecification","valueRequired":true,"valueName":"search_term_string"}}],"inLanguage":"de"},{"@type":"Organization","@id":"https:\/\/nyhemsgarden.se\/de\/#organization","name":"Nyhemsg\u00e5rden","url":"https:\/\/nyhemsgarden.se\/de\/","logo":{"@type":"ImageObject","inLanguage":"de","@id":"https:\/\/nyhemsgarden.se\/de\/#\/schema\/logo\/image\/","url":"https:\/\/nyhemsgarden.se\/wp-content\/uploads\/2019\/06\/Nyhemsgarden_logo_svart_2x.png","contentUrl":"https:\/\/nyhemsgarden.se\/wp-content\/uploads\/2019\/06\/Nyhemsgarden_logo_svart_2x.png","width":188,"height":120,"caption":"Nyhemsg\u00e5rden"},"image":{"@id":"https:\/\/nyhemsgarden.se\/de\/#\/schema\/logo\/image\/"}}]}},"_links":{"self":[{"href":"https:\/\/nyhemsgarden.se\/de\/wp-json\/wp\/v2\/boende\/3126","targetHints":{"allow":["GET"]}}],"collection":[{"href":"https:\/\/nyhemsgarden.se\/de\/wp-json\/wp\/v2\/boende"}],"about":[{"href":"https:\/\/nyhemsgarden.se\/de\/wp-json\/wp\/v2\/types\/boende"}],"version-history":[{"count":2,"href":"https:\/\/nyhemsgarden.se\/de\/wp-json\/wp\/v2\/boende\/3126\/revisions"}],"predecessor-version":[{"id":3141,"href":"https:\/\/nyhemsgarden.se\/de\/wp-json\/wp\/v2\/boende\/3126\/revisions\/3141"}],"wp:featuredmedia":[{"embeddable":true,"href":"https:\/\/nyhemsgarden.se\/de\/wp-json\/wp\/v2\/media\/3013"}],"wp:attachment":[{"href":"https:\/\/nyhemsgarden.se\/de\/wp-json\/wp\/v2\/media?parent=3126"}],"curies":[{"name":"wp","href":"https:\/\/api.w.org\/{rel}","templated":true}]}}

Schlafsaal Gärdet (Logement Gärdet)

<!-- This site is optimized with the Yoast SEO plugin v27.5 - https://yoast.com/product/yoast-seo-wordpress/ -->
<title>Schlafsaal Gärdet (Logement Gärdet) - Nyhemsgården</title>
<meta name="robots" content="index, follow, max-snippet:-1, max-image-preview:large, max-video-preview:-1" />
<link rel="canonical" href="https://nyhemsgarden.se/de/unterkunft/schlafsaal-gaerdet/" />
<meta property="og:locale" content="de_DE" />
<meta property="og:type" content="article" />
<meta property="og:title" content="Schlafsaal Gärdet (Logement Gärdet) - Nyhemsgården" />
<meta property="og:url" content="https://nyhemsgarden.se/de/unterkunft/schlafsaal-gaerdet/" />
<meta property="og:site_name" content="Nyhemsgården" />
<meta property="article:modified_time" content="2025-09-09T10:01:25+00:00" />
<meta property="og:image" content="https://nyhemsgarden.se/wp-content/uploads/2022/09/Logoment-Gardet_1-scaled.jpg" />
	<meta property="og:image:width" content="2560" />
	<meta property="og:image:height" content="1709" />
	<meta property="og:image:type" content="image/jpeg" />
<meta name="twitter:card" content="summary_large_image" />
<script type="application/ld+json" class="yoast-schema-graph">{"@context":"https:\/\/schema.org","@graph":[{"@type":"WebPage","@id":"https:\/\/nyhemsgarden.se\/de\/unterkunft\/schlafsaal-gaerdet\/","url":"https:\/\/nyhemsgarden.se\/de\/unterkunft\/schlafsaal-gaerdet\/","name":"Schlafsaal Gärdet (Logement Gärdet) - Nyhemsgården","isPartOf":{"@id":"https:\/\/nyhemsgarden.se\/de\/#website"},"primaryImageOfPage":{"@id":"https:\/\/nyhemsgarden.se\/de\/unterkunft\/schlafsaal-gaerdet\/#primaryimage"},"image":{"@id":"https:\/\/nyhemsgarden.se\/de\/unterkunft\/schlafsaal-gaerdet\/#primaryimage"},"thumbnailUrl":"https:\/\/nyhemsgarden.se\/wp-content\/uploads\/2022\/09\/Logoment-Gardet_1-scaled.jpg","datePublished":"2022-02-18T15:05:22+00:00","dateModified":"2025-09-09T10:01:25+00:00","breadcrumb":{"@id":"https:\/\/nyhemsgarden.se\/de\/unterkunft\/schlafsaal-gaerdet\/#breadcrumb"},"inLanguage":"de","potentialAction":[{"@type":"ReadAction","target":["https:\/\/nyhemsgarden.se\/de\/unterkunft\/schlafsaal-gaerdet\/"]}]},{"@type":"ImageObject","inLanguage":"de","@id":"https:\/\/nyhemsgarden.se\/de\/unterkunft\/schlafsaal-gaerdet\/#primaryimage","url":"https:\/\/nyhemsgarden.se\/wp-content\/uploads\/2022\/09\/Logoment-Gardet_1-scaled.jpg","contentUrl":"https:\/\/nyhemsgarden.se\/wp-content\/uploads\/2022\/09\/Logoment-Gardet_1-scaled.jpg","width":2560,"height":1709},{"@type":"BreadcrumbList","@id":"https:\/\/nyhemsgarden.se\/de\/unterkunft\/schlafsaal-gaerdet\/#breadcrumb","itemListElement":[{"@type":"ListItem","position":1,"name":"Home","item":"https:\/\/nyhemsgarden.se\/de\/"},{"@type":"ListItem","position":2,"name":"Schlafsaal Gärdet (Logement Gärdet)"}]},{"@type":"WebSite","@id":"https:\/\/nyhemsgarden.se\/de\/#website","url":"https:\/\/nyhemsgarden.se\/de\/","name":"Nyhemsgården","description":"Här växer vi tillsammans!","publisher":{"@id":"https:\/\/nyhemsgarden.se\/de\/#organization"},"potentialAction":[{"@type":"SearchAction","target":{"@type":"EntryPoint","urlTemplate":"https:\/\/nyhemsgarden.se\/de\/?s={search_term_string}"},"query-input":{"@type":"PropertyValueSpecification","valueRequired":true,"valueName":"search_term_string"}}],"inLanguage":"de"},{"@type":"Organization","@id":"https:\/\/nyhemsgarden.se\/de\/#organization","name":"Nyhemsgården","url":"https:\/\/nyhemsgarden.se\/de\/","logo":{"@type":"ImageObject","inLanguage":"de","@id":"https:\/\/nyhemsgarden.se\/de\/#\/schema\/logo\/image\/","url":"https:\/\/nyhemsgarden.se\/wp-content\/uploads\/2019\/06\/Nyhemsgarden_logo_svart_2x.png","contentUrl":"https:\/\/nyhemsgarden.se\/wp-content\/uploads\/2019\/06\/Nyhemsgarden_logo_svart_2x.png","width":188,"height":120,"caption":"Nyhemsgården"},"image":{"@id":"https:\/\/nyhemsgarden.se\/de\/#\/schema\/logo\/image\/"}}]}</script>
<!-- / Yoast SEO plugin. -->

Schlafsaal Gärdet (Logement Gärdet) - Nyhemsgården

Nyhemsgården

Här växer vi tillsammans!
